{"id":2,"date":"2023-05-29T19:54:29","date_gmt":"2023-05-29T17:54:29","guid":{"rendered":"http:\/\/faucardage-valdeloire.fr\/?page_id=2"},"modified":"2024-03-06T08:03:29","modified_gmt":"2024-03-06T07:03:29","slug":"contact","status":"publish","type":"page","link":"https:\/\/faucardage-valdeloire.fr\/index.php\/contact\/","title":{"rendered":"Contact"},"content":{"rendered":"\n<p>Chaque chantier est unique, il est difficile de vous donner un budget avant d\u2019en avoir au minimum parl\u00e9 au t\u00e9l\u00e9phone. La nature des v\u00e9g\u00e9taux, le type d\u2019\u00e9tendue d\u2019eau envahie, les acc\u00e8s\u2026<\/p>\n\n\n\n<p>Autant de questions \u00e0 voir ensemble pour se faire une id\u00e9e du nombre de journ\u00e9es \u00e0 passer sur le site, ainsi qu\u2019un planning d\u2019intervention.<\/p>\n\n\n\n<p><strong>Bon \u00e0 savoir : il n\u2019y a pas de frais de d\u00e9placement, ni de frais variables, ce sont des journ\u00e9es effectives de travail qui sont factur\u00e9es.<\/strong><\/p>\n\n\n\n<p>T\u00e9l\u00e9phonez au&nbsp;&nbsp;<strong><a href=\"tel:0601714953\" target=\"_blank\" rel=\"noreferrer noopener\">tel:0601714953<\/a>&nbsp;<\/strong>, ou envoyez un message&nbsp;<strong>WhatsApp&nbsp;<\/strong>au m\u00eame num\u00e9ro ici :<\/p>\n\n\n\n<p><a href=\"https:\/\/wa.me\/33601714953?\" target=\"_blank\" rel=\"noopener\">https:\/\/wa.me\/33601714953?<\/a><\/p>\n\n\n\n<p>nous verrons ensemble ce qu\u2019il est possible de faire, programmerons une \u00e9ventuelle visite des lieux pour cadrer au plus pr\u00e8s le chantier.<\/p>\n\n\n\n<p>Vous pouvez \u00e9galement envoyer un email \u00e0&nbsp;<strong><a href=\"mailto:contact@francefaucardage.com\" target=\"_blank\" rel=\"noreferrer noopener\">contact@francefaucardage.com<\/a><\/strong>&nbsp;ou utiliser&nbsp;<strong>Messenger&nbsp;<\/strong>:<\/p>\n\n\n\n<p><a href=\"https:\/\/m.me\/francefaucardage\">https:\/\/m.me\/francefaucardage<\/a><\/p>\n\n\n\n<p>Notre page Facebook<\/p>\n\n\n\n<p><a href=\"https:\/\/www.facebook.com\/francefaucardage\/\" target=\"_blank\" rel=\"noopener\">https:\/\/www.facebook.com\/francefaucardage\/<\/a><\/p>\n\n\n\n<p>Agences : Amiens (Hauts-de-France), Val de Loire, Sologne, Limoges. Nous travaillons dans toute la France.<\/p>\n","protected":false},"excerpt":{"rendered":"<p>Chaque chantier est unique, il est difficile de vous donner un budget avant d\u2019en avoir au minimum parl\u00e9 au t\u00e9l\u00e9phone. [&hellip;]<\/p>\n","protected":false},"author":1,"featured_media":0,"parent":0,"menu_order":0,"comment_status":"closed","ping_status":"open","template":"","meta":{"site-sidebar-layout":"default","site-content-layout":"","ast-site-content-layout":"","site-content-style":"default","site-sidebar-style":"default","ast-global-header-display":"","ast-banner-title-visibility":"","ast-main-header-display":"","ast-hfb-above-header-display":"","ast-hfb-below-header-display":"","ast-hfb-mobile-header-display":"","site-post-title":"","ast-breadcrumbs-content":"","ast-featured-img":"","footer-sml-layout":"","theme-transparent-header-meta":"","adv-header-id-meta":"","stick-header-meta":"","header-above-stick-meta":"","header-main-stick-meta":"","header-below-stick-meta":"","astra-migrate-meta-layouts":"default","ast-page-background-enabled":"default","ast-page-background-meta":{"desktop":{"background-color":"var(--ast-global-color-4)","background-image":"","background-repeat":"repeat","background-position":"center center","background-size":"auto","background-attachment":"scroll","background-type":"","background-media":"","overlay-type":"","overlay-color":"","overlay-opacity":"","overlay-gradient":""},"tablet":{"background-color":"","background-image":"","background-repeat":"repeat","background-position":"center center","background-size":"auto","background-attachment":"scroll","background-type":"","background-media":"","overlay-type":"","overlay-color":"","overlay-opacity":"","overlay-gradient":""},"mobile":{"background-color":"","background-image":"","background-repeat":"repeat","background-position":"center center","background-size":"auto","background-attachment":"scroll","background-type":"","background-media":"","overlay-type":"","overlay-color":"","overlay-opacity":"","overlay-gradient":""}},"ast-content-background-meta":{"desktop":{"background-color":"var(--ast-global-color-5)","background-image":"","background-repeat":"repeat","background-position":"center center","background-size":"auto","background-attachment":"scroll","background-type":"","background-media":"","overlay-type":"","overlay-color":"","overlay-opacity":"","overlay-gradient":""},"tablet":{"background-color":"var(--ast-global-color-5)","background-image":"","background-repeat":"repeat","background-position":"center center","background-size":"auto","background-attachment":"scroll","background-type":"","background-media":"","overlay-type":"","overlay-color":"","overlay-opacity":"","overlay-gradient":""},"mobile":{"background-color":"var(--ast-global-color-5)","background-image":"","background-repeat":"repeat","background-position":"center center","background-size":"auto","background-attachment":"scroll","background-type":"","background-media":"","overlay-type":"","overlay-color":"","overlay-opacity":"","overlay-gradient":""}},"footnotes":""},"class_list":["post-2","page","type-page","status-publish","hentry"],"_links":{"self":[{"href":"https:\/\/faucardage-valdeloire.fr\/index.php\/wp-json\/wp\/v2\/pages\/2","targetHints":{"allow":["GET"]}}],"collection":[{"href":"https:\/\/faucardage-valdeloire.fr\/index.php\/wp-json\/wp\/v2\/pages"}],"about":[{"href":"https:\/\/faucardage-valdeloire.fr\/index.php\/wp-json\/wp\/v2\/types\/page"}],"author":[{"embeddable":true,"href":"https:\/\/faucardage-valdeloire.fr\/index.php\/wp-json\/wp\/v2\/users\/1"}],"replies":[{"embeddable":true,"href":"https:\/\/faucardage-valdeloire.fr\/index.php\/wp-json\/wp\/v2\/comments?post=2"}],"version-history":[{"count":2,"href":"https:\/\/faucardage-valdeloire.fr\/index.php\/wp-json\/wp\/v2\/pages\/2\/revisions"}],"predecessor-version":[{"id":275,"href":"https:\/\/faucardage-valdeloire.fr\/index.php\/wp-json\/wp\/v2\/pages\/2\/revisions\/275"}],"wp:attachment":[{"href":"https:\/\/faucardage-valdeloire.fr\/index.php\/wp-json\/wp\/v2\/media?parent=2"}],"curies":[{"name":"wp","href":"https:\/\/api.w.org\/{rel}","templated":true}]}}